{"id":27742,"date":"2023-10-02T12:08:54","date_gmt":"2023-10-02T10:08:54","guid":{"rendered":"https:\/\/www.slovakdoublebassclub.com\/?page_id=27742"},"modified":"2023-10-24T17:24:15","modified_gmt":"2023-10-24T15:24:15","slug":"jakub-stracina","status":"publish","type":"page","link":"https:\/\/www.slovakdoublebassclub.com\/SK\/jakub-stracina\/","title":{"rendered":"Jakub Stra\u010dina"},"content":{"rendered":"<p style=\"text-align: center;\"><a href=\"https:\/\/www.slovakdoublebassclub.com\/wp-content\/uploads\/2023\/10\/Jakub_Stracina_09232-scaled.jpg\"><img loading=\"lazy\" decoding=\"async\" class=\" wp-image-27743 aligncenter\" src=\"https:\/\/www.slovakdoublebassclub.com\/wp-content\/uploads\/2023\/10\/Jakub_Stracina_09232-1024x768.jpg\" alt=\"\" width=\"416\" height=\"312\" srcset=\"https:\/\/www.slovakdoublebassclub.com\/wp-content\/uploads\/2023\/10\/Jakub_Stracina_09232-1024x768.jpg 1024w, https:\/\/www.slovakdoublebassclub.com\/wp-content\/uploads\/2023\/10\/Jakub_Stracina_09232-300x225.jpg 300w, https:\/\/www.slovakdoublebassclub.com\/wp-content\/uploads\/2023\/10\/Jakub_Stracina_09232-768x576.jpg 768w, https:\/\/www.slovakdoublebassclub.com\/wp-content\/uploads\/2023\/10\/Jakub_Stracina_09232-1536x1152.jpg 1536w, https:\/\/www.slovakdoublebassclub.com\/wp-content\/uploads\/2023\/10\/Jakub_Stracina_09232-2048x1536.jpg 2048w, https:\/\/www.slovakdoublebassclub.com\/wp-content\/uploads\/2023\/10\/Jakub_Stracina_09232-600x450.jpg 600w\" sizes=\"auto, (max-width: 416px) 100vw, 416px\" \/><\/a><\/p>\n<p style=\"text-align: center;\"><a href=\"https:\/\/www.slovakdoublebassclub.com\/wp-content\/uploads\/2023\/10\/Jakub_Stracina_09232-scaled.jpg\">Poch\u00e1dza z&nbsp;rodiny, v&nbsp;ktorej ho hudba sprev\u00e1dzala u\u017e od narodenia. Vo svojich deviatich rokoch sa za\u010dal u\u010di\u0165 hra\u0165 na kontrabas na ZU\u0160 v&nbsp;Tur\u010dianskych Tepliciach. Svoje hudobn\u00e9 nadanie \u010falej rozv\u00edjal na Konzervat\u00f3riu J. L. Bellu v&nbsp;Banskej Bystrici u&nbsp;popredn\u00e9ho slovensk\u00e9ho jazzov\u00e9ho kontrabasistu R\u00f3berta Ragana. Po\u010das \u0161t\u00fadiu na konzervat\u00f3riu p\u00f4sobil ako \u010dlen orchestra \u0160t\u00e1tnej opery v&nbsp;Banskej Bystrici. V&nbsp;roku 2012 nast\u00fapil do orchestra umeleck\u00e9ho s\u00faboru L\u00fa\u010dnica a&nbsp;orchestra Zlat\u00e9 husle. V&nbsp;s\u00fa\u010dasnosti \u0161tuduje na&nbsp;Akad\u00e9mii umen\u00ed v&nbsp;Banskej&nbsp;Bystrici&nbsp;u&nbsp;J\u00e1na Kr\u00edgovsk\u00e9ho. Po\u010das \u0161t\u00fadia z\u00edskal viacero ocenen\u00ed na slovensk\u00fdch aj medzin\u00e1rodn\u00fdch s\u00fa\u0165a\u017eiach (Medzin\u00e1rodn\u00e1 s\u00fa\u0165a\u017e kontrabasistov v&nbsp;Brne \u2013 2. miesto, s\u00fa\u0165a\u017e slovensk\u00fdch konzervat\u00f3ri\u00ed \u2013 1. miesto, Medzin\u00e1rodn\u00e1 s\u00fa\u0165a\u017e K. D von Dittersdorfa \u2013 3. miesto). Svoje hudobn\u00e9 vzdelanie si neust\u00e1le roz\u0161iruje na r\u00f4znych kontrabasov\u00fdch majstrovsk\u00fdch kurzoch (Bass Fest, Mezin\u00e1rodn\u00ed setk\u00e1n\u00ed kontrabasistu Brno, Garry Karr, Roman Patkol\u00f3\u2026). V&nbsp;s\u00fa\u010dasnosti okrem p\u00f4sobenia v&nbsp;zoskupen\u00ed Bass Band je intern\u00fdm \u010dlenom kapely Rus\u00edn \u010cende\u0161 Orchestra, Dobr\u00e1 Muzika a&nbsp;Moj\u0161e Band. V\u010faka svojmu \u017e\u00e1nrovo v\u0161estrann\u00e9mu zameraniu b\u00fdva poz\u00fdvan\u00fd do r\u00f4znych projektov a&nbsp;zoskupen\u00ed. Akt\u00edvne sa z\u00e1rove\u0148 venuje pedagogickej \u010dinnosti na z\u00e1kladnom umeleckom stupni. Aran\u017euje nov\u00e9 skladbi\u010dky pre deti, je akt\u00edvnym pedag\u00f3gom a tvorcom 1. Slovenskej kontrabasovej \u0161koly pre deti.<\/a><\/p>","protected":false},"excerpt":{"rendered":"<p>Poch\u00e1dza z&nbsp;rodiny, v&nbsp;ktorej ho hudba sprev\u00e1dzala u\u017e od narodenia. Vo svojich deviatich rokoch sa za\u010dal u\u010di\u0165 hra\u0165 na kontrabas na ZU\u0160 v&nbsp;Tur\u010dianskych Tepliciach. Svoje hudobn\u00e9 nadanie \u010falej rozv\u00edjal na Konzervat\u00f3riu J. L. Bellu v&nbsp;Banskej Bystrici u&nbsp;popredn\u00e9ho slovensk\u00e9ho jazzov\u00e9ho kontrabasistu R\u00f3berta &hellip; <a href=\"https:\/\/www.slovakdoublebassclub.com\/SK\/jakub-stracina\/\">Continued<\/a><\/p>\n","protected":false},"author":5,"featured_media":0,"parent":0,"menu_order":0,"comment_status":"closed","ping_status":"closed","template":"","meta":{"ngg_post_thumbnail":0,"footnotes":""},"class_list":["post-27742","page","type-page","status-publish","hentry"],"_links":{"self":[{"href":"https:\/\/www.slovakdoublebassclub.com\/SK\/wp-json\/wp\/v2\/pages\/27742","targetHints":{"allow":["GET"]}}],"collection":[{"href":"https:\/\/www.slovakdoublebassclub.com\/SK\/wp-json\/wp\/v2\/pages"}],"about":[{"href":"https:\/\/www.slovakdoublebassclub.com\/SK\/wp-json\/wp\/v2\/types\/page"}],"author":[{"embeddable":true,"href":"https:\/\/www.slovakdoublebassclub.com\/SK\/wp-json\/wp\/v2\/users\/5"}],"replies":[{"embeddable":true,"href":"https:\/\/www.slovakdoublebassclub.com\/SK\/wp-json\/wp\/v2\/comments?post=27742"}],"version-history":[{"count":2,"href":"https:\/\/www.slovakdoublebassclub.com\/SK\/wp-json\/wp\/v2\/pages\/27742\/revisions"}],"predecessor-version":[{"id":27780,"href":"https:\/\/www.slovakdoublebassclub.com\/SK\/wp-json\/wp\/v2\/pages\/27742\/revisions\/27780"}],"wp:attachment":[{"href":"https:\/\/www.slovakdoublebassclub.com\/SK\/wp-json\/wp\/v2\/media?parent=27742"}],"curies":[{"name":"wp","href":"https:\/\/api.w.org\/{rel}","templated":true}]}}

Jakub Stračina

<p style="text-align: center;"><a href="https://www.slovakdoublebassclub.com/wp-content/uploads/2023/10/Jakub_Stracina_09232-scaled.jpg"><img loading="lazy" decoding="async" class=" wp-image-27743 aligncenter" src="https://www.slovakdoublebassclub.com/wp-content/uploads/2023/10/Jakub_Stracina_09232-1024x768.jpg" alt="" width="416" height="312" srcset="https://www.slovakdoublebassclub.com/wp-content/uploads/2023/10/Jakub_Stracina_09232-1024x768.jpg 1024w, https://www.slovakdoublebassclub.com/wp-content/uploads/2023/10/Jakub_Stracina_09232-300x225.jpg 300w, https://www.slovakdoublebassclub.com/wp-content/uploads/2023/10/Jakub_Stracina_09232-768x576.jpg 768w, https://www.slovakdoublebassclub.com/wp-content/uploads/2023/10/Jakub_Stracina_09232-1536x1152.jpg 1536w, https://www.slovakdoublebassclub.com/wp-content/uploads/2023/10/Jakub_Stracina_09232-2048x1536.jpg 2048w, https://www.slovakdoublebassclub.com/wp-content/uploads/2023/10/Jakub_Stracina_09232-600x450.jpg 600w" sizes="auto, (max-width: 416px) 100vw, 416px" /></a></p>
<p style="text-align: center;"><a href="https://www.slovakdoublebassclub.com/wp-content/uploads/2023/10/Jakub_Stracina_09232-scaled.jpg">Pochádza z&nbsp;rodiny, v&nbsp;ktorej ho hudba sprevádzala už od narodenia. Vo svojich deviatich rokoch sa začal učiť hrať na kontrabas na ZUŠ v&nbsp;Turčianskych Tepliciach. Svoje hudobné nadanie ďalej rozvíjal na Konzervatóriu J. L. Bellu v&nbsp;Banskej Bystrici u&nbsp;popredného slovenského jazzového kontrabasistu Róberta Ragana. Počas štúdiu na konzervatóriu pôsobil ako člen orchestra Štátnej opery v&nbsp;Banskej Bystrici. V&nbsp;roku 2012 nastúpil do orchestra umeleckého súboru Lúčnica a&nbsp;orchestra Zlaté husle. V&nbsp;súčasnosti študuje na&nbsp;Akadémii umení v&nbsp;Banskej&nbsp;Bystrici&nbsp;u&nbsp;Jána Krígovského. Počas štúdia získal viacero ocenení na slovenských aj medzinárodných súťažiach (Medzinárodná súťaž kontrabasistov v&nbsp;Brne – 2. miesto, súťaž slovenských konzervatórií – 1. miesto, Medzinárodná súťaž K. D von Dittersdorfa – 3. miesto). Svoje hudobné vzdelanie si neustále rozširuje na rôznych kontrabasových majstrovských kurzoch (Bass Fest, Mezinárodní setkání kontrabasistu Brno, Garry Karr, Roman Patkoló…). V&nbsp;súčasnosti okrem pôsobenia v&nbsp;zoskupení Bass Band je interným členom kapely Rusín Čendeš Orchestra, Dobrá Muzika a&nbsp;Mojše Band. Vďaka svojmu žánrovo všestrannému zameraniu býva pozývaný do rôznych projektov a&nbsp;zoskupení. Aktívne sa zároveň venuje pedagogickej činnosti na základnom umeleckom stupni. Aranžuje nové skladbičky pre deti, je aktívnym pedagógom a tvorcom 1. Slovenskej kontrabasovej školy pre deti.</a></p>

<p>Pochádza z&nbsp;rodiny, v&nbsp;ktorej ho hudba sprevádzala už od narodenia. Vo svojich deviatich rokoch sa začal učiť hrať na kontrabas na ZUŠ v&nbsp;Turčianskych Tepliciach. Svoje hudobné nadanie ďalej rozvíjal na Konzervatóriu J. L. Bellu v&nbsp;Banskej Bystrici u&nbsp;popredného slovenského jazzového kontrabasistu Róberta &hellip; <a href="https://www.slovakdoublebassclub.com/SK/jakub-stracina/">Continued</a></p>
