{"id":4241,"date":"2016-10-12T21:34:57","date_gmt":"2016-10-12T19:34:57","guid":{"rendered":"http:\/\/www.slovakdoublebassclub.com\/?page_id=4241"},"modified":"2017-05-04T11:03:18","modified_gmt":"2017-05-04T09:03:18","slug":"peter-gulas","status":"publish","type":"page","link":"https:\/\/www.slovakdoublebassclub.com\/SK\/peter-gulas\/","title":{"rendered":"Peter Gu\u013eas"},"content":{"rendered":"<a href=\"http:\/\/www.slovakdoublebassclub.com\/wp-content\/uploads\/2016\/10\/Gulas-foto.jpg-224.jpg\"><img loading=\"lazy\" decoding=\"async\" class=\"aligncenter wp-image-4242 \" src=\"http:\/\/www.slovakdoublebassclub.com\/wp-content\/uploads\/2016\/10\/Gulas-foto.jpg-224-1024x681.jpg\" alt=\"gulas-foto-jpg-224\" width=\"498\" height=\"331\" srcset=\"https:\/\/www.slovakdoublebassclub.com\/wp-content\/uploads\/2016\/10\/Gulas-foto.jpg-224-1024x681.jpg 1024w, https:\/\/www.slovakdoublebassclub.com\/wp-content\/uploads\/2016\/10\/Gulas-foto.jpg-224-600x399.jpg 600w, https:\/\/www.slovakdoublebassclub.com\/wp-content\/uploads\/2016\/10\/Gulas-foto.jpg-224-300x199.jpg 300w, https:\/\/www.slovakdoublebassclub.com\/wp-content\/uploads\/2016\/10\/Gulas-foto.jpg-224-768x511.jpg 768w, https:\/\/www.slovakdoublebassclub.com\/wp-content\/uploads\/2016\/10\/Gulas-foto.jpg-224.jpg 1029w\" sizes=\"auto, (max-width: 498px) 100vw, 498px\" \/><\/a><\/p>\n<h3 style=\"text-align: center;\">Peter Gu\u013eas<\/h3>\n<p>&nbsp;<\/p>\n<p style=\"text-align: justify;\">\u0160tudoval na Konzervat\u00f3riu v Ko\u0161iciach (kompoz\u00edciu u J. Podprock\u00e9ho a klav\u00edr u I. Millera), aj&nbsp;na V\u0160MU v Bratislave (kompoz\u00edciu u I. Hru\u0161ovsk\u00e9ho a J. Hatr\u00edka, klav\u00edr u I. \u010cerneckej a D.&nbsp;Buranovsk\u00e9ho). Po absolvovan\u00ed pokra\u010doval v \u0161t\u00fadi\u00e1ch \u010dembala na Akad\u00e9mii starej hudby v Brne&nbsp;(Shalev Ad-El), a ako \u0161tipendista NUFFIC na Conservatoriu van Amsterdam (Bob van Asperen).&nbsp;V roku 2000 z\u00edskal majstrovsk\u00fd diplom. Svoje znalosti hry gener\u00e1lneho basu si preh\u013abil ako&nbsp;\u0161tipendista Franc\u00fazskej vl\u00e1dy na st\u00e1\u017ei na CNSMD de Lyon (Ives Rechsteiner). Absolvoval&nbsp;majstrovsk\u00e9 kurzy kompozi\u010dn\u00e9 (Tristan Murail) aj interpreta\u010dn\u00e9 semin\u00e1re (Gustav Leonhardt).&nbsp;U\u017e po\u010das \u0161t\u00fadi\u00ed verejne vystupoval a po n\u00e1vrate z cudziny sa stal vyh\u013ead\u00e1van\u00fdm hr\u00e1\u010dom bassa&nbsp;continua a s\u00f3listom v ans\u00e1mbloch a orchestroch. Odvtedy koncertoval vo v\u00e4\u010d\u0161ine kraj\u00edn Eur\u00f3py,&nbsp;v USA i Mexiku. Od roku 2005 je \u010dlenom s\u00faboru Musica Aeterna, s ktor\u00fdm realizoval cel\u00fd rad&nbsp;dom\u00e1cich aj zahrani\u010dn\u00fdch turn\u00e9 (napr. Bach festival Budapest &#8211; 5. brandenburgsk\u00fd koncert,&nbsp;Bachfest Leipzig &#8211; Zimmermannov \u010dembalov\u00fd koncert, Rudolfinum v Prahe &#8211; program MEMA&nbsp;2009). Premi\u00e9rovo uviedol a nahral na CD platne mno\u017estvo znovu objaven\u00fdch hudobn\u00fdch pamiatok&nbsp;z \u00fazemia Slovenska (Hudba z Tren\u010d\u00edna, om\u0161u, symf\u00f3nie a son\u00e1ty Antona Zimmermanna).&nbsp;Dlhoro\u010dne spolupracuje aj s \u010fal\u0161\u00edmi komorn\u00fdmi orchestrami a s\u00fabormi na Slovensku.<\/p>\n<p style=\"text-align: justify;\">Ako s\u00f3lista na \u010dembale premi\u00e9roval program zostaven\u00fd PhDr. Ladislavom Ka\u010dicom z diel&nbsp;zap\u00edsan\u00fdch v Ro\u0161kovsk\u00e9ho zborn\u00edku (festival Concentus Moraviae), uviedol tie\u017e v novodobej&nbsp;premi\u00e9re hudbu Franza Paula Riglera na klavichorde (Helsinki). Jeho profilov\u00e9 CD (Diskant)&nbsp;obsahuje pr\u00e1ve son\u00e1ty pre fortepiano a \u010dembalo tohto vynikaj\u00faceho tvorcu a virtu\u00f3za, ktor\u00fd p\u00f4sobil&nbsp;aj ako v\u00fdznamn\u00fd pedag\u00f3g v Pre\u0161porku (dramaturgia PhDr. Ka\u010dic). Niektor\u00e9 z t\u00fdchto son\u00e1t s\u00fa&nbsp;nahran\u00e9 v\u00f4bec prv\u00fdkr\u00e1t na historick\u00fdch n\u00e1strojoch.&nbsp;Hral Bachov \u010dembalov\u00fd koncert s Ko\u0161ickou filharm\u00f3niou, vystupoval aj s SKO Bohdana&nbsp;Warchala. V SND na\u0161tudoval ako korepet\u00edtor a sprev\u00e1dzal na \u010dembale operu Alcina od H\u00e4ndela.&nbsp;Ako majite\u013e hammerklav\u00edra (model Walter&amp;Sohn 1805 &#8211; k\u00f3pia z dielne Paula McNultyho,&nbsp;Divi\u0161ov) inicioval mnoh\u00e9 hudobn\u00e9 aktivity a koncertn\u00e9 predvedenia klav\u00edrnej hudby (festival&nbsp;Hammerklavier na V\u0160MU, klav\u00edrne recit\u00e1ly na Slovensku a v Rak\u00fasku, semin\u00e1re). Spolu s Musicou&nbsp;Aeternou uviedol s\u00e9riu koncertov Musica Cameralis v umeleckej kaviarni Scherz (Mozartov&nbsp;koncert A-dur K.414, Hummelov klav\u00edrny kvintet a klav\u00edrne tri\u00e1, Du\u0161ekov klav\u00edrny kvintet,&nbsp;Tom\u00e1\u0161ekovo trio a Haydnove Lond\u00fdnske symf\u00f3nie v \u00faprave J.P.Salomona, Schumannov klav\u00edrny kvartet). Je obdivovate\u013eom aj nad\u0161en\u00fdm propag\u00e1torom a interpretom Hummelovej s\u00f3lovej a&nbsp;komornej hudby, najsl\u00e1vnej\u0161ieho skladate\u013ea a virtu\u00f3za hudobnej minulosti Slovenska.<\/p>\n<p style=\"text-align: justify;\">Venuje sa tie\u017e s\u00fa\u010dasnej hudbe (premi\u00e9roval vlastn\u00fa skladbu Toccata pre \u010dembalo v Nitrianskej&nbsp;gal\u00e9rii, Concerto Manuela de Fallu na BHS 2009 so s\u00faborom Quasars Ensemble, nahr\u00e1vka Etudy&nbsp;pre \u010dembalo Josefa Sixtu, premi\u00e9ra Dua pre cymbal a \u010dembalo od Ilju Zeljenku s E. Ginzery ,&nbsp;\u00fa\u010dinkovanie na New music at home v \u0160amor\u00edne a v diele G. Kan\u010deliho na Melos-\u00c9tos so SOSR). V&nbsp;SRo pripravuje projekt hammerklavier and live electronics.&nbsp;Bohat\u00e1 je tie\u017e jeho pedagogick\u00e1 a teoretick\u00e1 \u010dinnos\u0165. V roku 2009 obh\u00e1jil na V\u0160MU titul PhD.&nbsp;dizerta\u010dnou pr\u00e1cou na t\u00e9mu Franc\u00fazsky gener\u00e1lny bas, a pripravil na publikovanie <em>Pr\u00edru\u010dku&nbsp;<\/em><em>gener\u00e1lneho basu pre za\u010diato\u010dn\u00edkov<\/em>. P\u00f4sobil ako korepet\u00edtor a lektor bassa continua na kurzoch&nbsp;holandskej spolo\u010dnosti La Pellegrina, viedenskej Orpheon a viedol triedu \u010dembala a bassa continua&nbsp;na workshope MEMA 2009. Predn\u00e1\u0161al te\u00f3riu a vyu\u010doval \u010dembalo, basso continuo a improviz\u00e1ciu&nbsp;na V\u0160MU, viedol semin\u00e1re o Bachovom Dobre temperovanom klav\u00edri a invenci\u00e1ch pre EPTA&nbsp;a AUHS.<\/p>\n<p style=\"text-align: justify;\">V s\u00fa\u010dasnosti je korepet\u00edtorom v SND v Bratislave a predn\u00e1\u0161a v odbore hudobn\u00e1 v\u00fdchova na PdF&nbsp;Trnavskej univerzity.<\/p>\n<p style=\"text-align: justify;\">\u201e<em>Interpret\u00e1cia Petra Gu\u013easa \u2013 v s\u00f3le i continuu \u2013 prezr\u00e1dza zdatn\u00e9 muzikantsk\u00e9 z\u00e1zemie s&nbsp;<\/em><em>poeticko\u2013meditat\u00edvnym podt\u00f3nom, iskriv\u00fdm rytmick\u00fdm pulzom, \u017eiv\u00fdm sp\u00e1dom. Jeho odborn\u00e1&nbsp;<\/em><em>kvalifik\u00e1cia v oblasti historicky pou\u010denej interpret\u00e1cie ho rad\u00ed na popredn\u00e9 miesto v neve\u013ekej&nbsp;<\/em><em>skupine \u0161pecialistov starej hudby na Slovensku. Vyv\u00edja \u00fasilie zalo\u017ei\u0165 a vybudova\u0165 na akademickej&nbsp;<\/em><em>p\u00f4de na Slovensku oddelenie barokovej hudby. Ako skladate\u013e p\u00ed\u0161e hudbu pre \u010dembalo, detsk\u00e9&nbsp;<\/em><em>piesne, aran\u017euje v oblasti \u013eahkej m\u00fazy. Najzn\u00e1mej\u0161ie skladby skupiny El\u00e1n zaran\u017eoval a s\u00e1m nahral&nbsp;<\/em><em>pre s\u00f3lov\u00fd klav\u00edr.&#8220; (Vladim\u00edr \u010c\u00ed\u017eik: Slovn\u00edk slovensk\u00e9ho koncertn\u00e9ho umenia I.)<\/em><\/p>","protected":false},"excerpt":{"rendered":"<p>Peter Gu\u013eas &nbsp; \u0160tudoval na Konzervat\u00f3riu v Ko\u0161iciach (kompoz\u00edciu u J. Podprock\u00e9ho a klav\u00edr u I. Millera), aj&nbsp;na V\u0160MU v Bratislave (kompoz\u00edciu u I. Hru\u0161ovsk\u00e9ho a J. Hatr\u00edka, klav\u00edr u I. \u010cerneckej a D.&nbsp;Buranovsk\u00e9ho). Po absolvovan\u00ed pokra\u010doval v \u0161t\u00fadi\u00e1ch \u010dembala &hellip; <a href=\"https:\/\/www.slovakdoublebassclub.com\/SK\/peter-gulas\/\">Continued<\/a><\/p>\n","protected":false},"author":5,"featured_media":0,"parent":0,"menu_order":0,"comment_status":"closed","ping_status":"closed","template":"","meta":{"ngg_post_thumbnail":0,"footnotes":""},"class_list":["post-4241","page","type-page","status-publish","hentry"],"_links":{"self":[{"href":"https:\/\/www.slovakdoublebassclub.com\/SK\/wp-json\/wp\/v2\/pages\/4241","targetHints":{"allow":["GET"]}}],"collection":[{"href":"https:\/\/www.slovakdoublebassclub.com\/SK\/wp-json\/wp\/v2\/pages"}],"about":[{"href":"https:\/\/www.slovakdoublebassclub.com\/SK\/wp-json\/wp\/v2\/types\/page"}],"author":[{"embeddable":true,"href":"https:\/\/www.slovakdoublebassclub.com\/SK\/wp-json\/wp\/v2\/users\/5"}],"replies":[{"embeddable":true,"href":"https:\/\/www.slovakdoublebassclub.com\/SK\/wp-json\/wp\/v2\/comments?post=4241"}],"version-history":[{"count":3,"href":"https:\/\/www.slovakdoublebassclub.com\/SK\/wp-json\/wp\/v2\/pages\/4241\/revisions"}],"predecessor-version":[{"id":4491,"href":"https:\/\/www.slovakdoublebassclub.com\/SK\/wp-json\/wp\/v2\/pages\/4241\/revisions\/4491"}],"wp:attachment":[{"href":"https:\/\/www.slovakdoublebassclub.com\/SK\/wp-json\/wp\/v2\/media?parent=4241"}],"curies":[{"name":"wp","href":"https:\/\/api.w.org\/{rel}","templated":true}]}}

Peter Guľas

<a href="http://www.slovakdoublebassclub.com/wp-content/uploads/2016/10/Gulas-foto.jpg-224.jpg"><img loading="lazy" decoding="async" class="aligncenter wp-image-4242 " src="http://www.slovakdoublebassclub.com/wp-content/uploads/2016/10/Gulas-foto.jpg-224-1024x681.jpg" alt="gulas-foto-jpg-224" width="498" height="331" srcset="https://www.slovakdoublebassclub.com/wp-content/uploads/2016/10/Gulas-foto.jpg-224-1024x681.jpg 1024w, https://www.slovakdoublebassclub.com/wp-content/uploads/2016/10/Gulas-foto.jpg-224-600x399.jpg 600w, https://www.slovakdoublebassclub.com/wp-content/uploads/2016/10/Gulas-foto.jpg-224-300x199.jpg 300w, https://www.slovakdoublebassclub.com/wp-content/uploads/2016/10/Gulas-foto.jpg-224-768x511.jpg 768w, https://www.slovakdoublebassclub.com/wp-content/uploads/2016/10/Gulas-foto.jpg-224.jpg 1029w" sizes="auto, (max-width: 498px) 100vw, 498px" /></a></p>
<h3 style="text-align: center;">Peter Guľas</h3>
<p>&nbsp;</p>
<p style="text-align: justify;">Študoval na Konzervatóriu v Košiciach (kompozíciu u J. Podprockého a klavír u I. Millera), aj&nbsp;na VŠMU v Bratislave (kompozíciu u I. Hrušovského a J. Hatríka, klavír u I. Černeckej a D.&nbsp;Buranovského). Po absolvovaní pokračoval v štúdiách čembala na Akadémii starej hudby v Brne&nbsp;(Shalev Ad-El), a ako štipendista NUFFIC na Conservatoriu van Amsterdam (Bob van Asperen).&nbsp;V roku 2000 získal majstrovský diplom. Svoje znalosti hry generálneho basu si prehĺbil ako&nbsp;štipendista Francúzskej vlády na stáži na CNSMD de Lyon (Ives Rechsteiner). Absolvoval&nbsp;majstrovské kurzy kompozičné (Tristan Murail) aj interpretačné semináre (Gustav Leonhardt).&nbsp;Už počas štúdií verejne vystupoval a po návrate z cudziny sa stal vyhľadávaným hráčom bassa&nbsp;continua a sólistom v ansámbloch a orchestroch. Odvtedy koncertoval vo väčšine krajín Európy,&nbsp;v USA i Mexiku. Od roku 2005 je členom súboru Musica Aeterna, s ktorým realizoval celý rad&nbsp;domácich aj zahraničných turné (napr. Bach festival Budapest &#8211; 5. brandenburgský koncert,&nbsp;Bachfest Leipzig &#8211; Zimmermannov čembalový koncert, Rudolfinum v Prahe &#8211; program MEMA&nbsp;2009). Premiérovo uviedol a nahral na CD platne množstvo znovu objavených hudobných pamiatok&nbsp;z územia Slovenska (Hudba z Trenčína, omšu, symfónie a sonáty Antona Zimmermanna).&nbsp;Dlhoročne spolupracuje aj s ďalšími komornými orchestrami a súbormi na Slovensku.</p>
<p style="text-align: justify;">Ako sólista na čembale premiéroval program zostavený PhDr. Ladislavom Kačicom z diel&nbsp;zapísaných v Roškovského zborníku (festival Concentus Moraviae), uviedol tiež v novodobej&nbsp;premiére hudbu Franza Paula Riglera na klavichorde (Helsinki). Jeho profilové CD (Diskant)&nbsp;obsahuje práve sonáty pre fortepiano a čembalo tohto vynikajúceho tvorcu a virtuóza, ktorý pôsobil&nbsp;aj ako významný pedagóg v Prešporku (dramaturgia PhDr. Kačic). Niektoré z týchto sonát sú&nbsp;nahrané vôbec prvýkrát na historických nástrojoch.&nbsp;Hral Bachov čembalový koncert s Košickou filharmóniou, vystupoval aj s SKO Bohdana&nbsp;Warchala. V SND naštudoval ako korepetítor a sprevádzal na čembale operu Alcina od Händela.&nbsp;Ako majiteľ hammerklavíra (model Walter&amp;Sohn 1805 &#8211; kópia z dielne Paula McNultyho,&nbsp;Divišov) inicioval mnohé hudobné aktivity a koncertné predvedenia klavírnej hudby (festival&nbsp;Hammerklavier na VŠMU, klavírne recitály na Slovensku a v Rakúsku, semináre). Spolu s Musicou&nbsp;Aeternou uviedol sériu koncertov Musica Cameralis v umeleckej kaviarni Scherz (Mozartov&nbsp;koncert A-dur K.414, Hummelov klavírny kvintet a klavírne triá, Dušekov klavírny kvintet,&nbsp;Tomášekovo trio a Haydnove Londýnske symfónie v úprave J.P.Salomona, Schumannov klavírny kvartet). Je obdivovateľom aj nadšeným propagátorom a interpretom Hummelovej sólovej a&nbsp;komornej hudby, najslávnejšieho skladateľa a virtuóza hudobnej minulosti Slovenska.</p>
<p style="text-align: justify;">Venuje sa tiež súčasnej hudbe (premiéroval vlastnú skladbu Toccata pre čembalo v Nitrianskej&nbsp;galérii, Concerto Manuela de Fallu na BHS 2009 so súborom Quasars Ensemble, nahrávka Etudy&nbsp;pre čembalo Josefa Sixtu, premiéra Dua pre cymbal a čembalo od Ilju Zeljenku s E. Ginzery ,&nbsp;účinkovanie na New music at home v Šamoríne a v diele G. Kančeliho na Melos-Étos so SOSR). V&nbsp;SRo pripravuje projekt hammerklavier and live electronics.&nbsp;Bohatá je tiež jeho pedagogická a teoretická činnosť. V roku 2009 obhájil na VŠMU titul PhD.&nbsp;dizertačnou prácou na tému Francúzsky generálny bas, a pripravil na publikovanie <em>Príručku&nbsp;</em><em>generálneho basu pre začiatočníkov</em>. Pôsobil ako korepetítor a lektor bassa continua na kurzoch&nbsp;holandskej spoločnosti La Pellegrina, viedenskej Orpheon a viedol triedu čembala a bassa continua&nbsp;na workshope MEMA 2009. Prednášal teóriu a vyučoval čembalo, basso continuo a improvizáciu&nbsp;na VŠMU, viedol semináre o Bachovom Dobre temperovanom klavíri a invenciách pre EPTA&nbsp;a AUHS.</p>
<p style="text-align: justify;">V súčasnosti je korepetítorom v SND v Bratislave a prednáša v odbore hudobná výchova na PdF&nbsp;Trnavskej univerzity.</p>
<p style="text-align: justify;">„<em>Interpretácia Petra Guľasa – v sóle i continuu – prezrádza zdatné muzikantské zázemie s&nbsp;</em><em>poeticko–meditatívnym podtónom, iskrivým rytmickým pulzom, živým spádom. Jeho odborná&nbsp;</em><em>kvalifikácia v oblasti historicky poučenej interpretácie ho radí na popredné miesto v neveľkej&nbsp;</em><em>skupine špecialistov starej hudby na Slovensku. Vyvíja úsilie založiť a vybudovať na akademickej&nbsp;</em><em>pôde na Slovensku oddelenie barokovej hudby. Ako skladateľ píše hudbu pre čembalo, detské&nbsp;</em><em>piesne, aranžuje v oblasti ľahkej múzy. Najznámejšie skladby skupiny Elán zaranžoval a sám nahral&nbsp;</em><em>pre sólový klavír.&#8220; (Vladimír Čížik: Slovník slovenského koncertného umenia I.)</em></p>

<p>Peter Guľas &nbsp; Študoval na Konzervatóriu v Košiciach (kompozíciu u J. Podprockého a klavír u I. Millera), aj&nbsp;na VŠMU v Bratislave (kompozíciu u I. Hrušovského a J. Hatríka, klavír u I. Černeckej a D.&nbsp;Buranovského). Po absolvovaní pokračoval v štúdiách čembala &hellip; <a href="https://www.slovakdoublebassclub.com/SK/peter-gulas/">Continued</a></p>
